{"id":1704,"date":"2016-12-06T18:38:29","date_gmt":"2016-12-06T18:38:29","guid":{"rendered":"https:\/\/w7.foxdsgn.com\/napoli_test\/?page_id=1700"},"modified":"2026-02-06T15:15:54","modified_gmt":"2026-02-06T14:15:54","slug":"packphotoproduit","status":"publish","type":"page","link":"https:\/\/www.jeromevericel.fr\/index.php\/packphotoproduit\/","title":{"rendered":"PRO"},"content":{"rendered":"<p>[vc_row][vc_column css=\u00a0\u00bb.vc_custom_1480689524761{padding-right: 0px !important;padding-left: 0px !important;}\u00a0\u00bb][vc_custom_heading text=\u00a0\u00bbReportage PHOTO &#8211; VIDEO\u00a0\u00bb font_container=\u00a0\u00bbtag:h2|text_align:center\u00a0\u00bb google_fonts=\u00a0\u00bbfont_family:Raleway%3A100%2C200%2C300%2Cregular%2C500%2C600%2C700%2C800%2C900|font_style:400%20regular%3A400%3Anormal\u00a0\u00bb][vc_empty_space][\/vc_column][\/vc_row][vc_row][vc_column width=\u00a0\u00bb1\/2&Prime;][vc_column_text]<\/p>\n<p style=\"text-align: center;\"><strong>V<\/strong>ous d\u00e9sirez <strong>mettre en valeur les produits<\/strong> que vous vendez ?<\/p>\n<p style=\"text-align: center;\">Vous cherchez de la <strong>visibilit\u00e9 sur les r\u00e9seaux sociaux<\/strong> ?<\/p>\n<p style=\"text-align: center;\"><strong>E<\/strong>n fonction de votre cahier des charges je vous r\u00e9aliserai un reportage <strong>Photo et\/ou Vid\u00e9o<\/strong> et je vous accompagnerai pour la diffusion de votre produit que ce soit sur des pages web, des plaquettes ou des illustrations. <span style=\"color: #ff0000;\" data-darkreader-inline-color=\"\"><em><a style=\"color: #ff0000;\" href=\"https:\/\/www.jeromevericel.fr\/index.php\/reportage_details\/\" data-darkreader-inline-color=\"\">(plus d&rsquo;infos)<\/a><\/em><\/span><\/p>\n<p style=\"text-align: center;\"><strong>Contactez moi pour un devis<\/strong>.<\/p>\n<p>[\/vc_column_text][vc_empty_space height=\u00a0\u00bb43px\u00a0\u00bb][vc_hoverbox image=\u00a0\u00bb5874&Prime; primary_title=\u00a0\u00bbR\u00e9alisation d&rsquo;interview\u00a0\u00bb primary_title_font_container=\u00a0\u00bbcolor:%23c4c4c4&Prime; primary_title_use_theme_fonts=\u00a0\u00bbyes\u00a0\u00bb hover_title=\u00a0\u00bbINTERVIEW\u00a0\u00bb use_custom_fonts_primary_title=\u00a0\u00bbtrue\u00a0\u00bb]Captation audio et vid\u00e9o d&rsquo;une interview avec montage vid\u00e9o.[\/vc_hoverbox][vc_separator][vc_hoverbox image=\u00a0\u00bb5800&Prime; primary_title=\u00a0\u00bbGALA de DANSE MPT Thurins\u00a0\u00bb primary_title_font_container=\u00a0\u00bbcolor:%23c4c4c4&Prime; primary_title_use_theme_fonts=\u00a0\u00bbyes\u00a0\u00bb hover_title=\u00a0\u00bbVid\u00e9o du spectacle\u00a0\u00bb use_custom_fonts_primary_title=\u00a0\u00bbtrue\u00a0\u00bb]Captation vid\u00e9o de l&rsquo;ensemble du spectacle en multi cam\u00e9ra. Montage \u00e9talonnage de la s\u00e9quence.[\/vc_hoverbox][\/vc_column][vc_column width=\u00a0\u00bb1\/2&Prime;][vc_hoverbox image=\u00a0\u00bb4274&Prime; primary_title=\u00a0\u00bbBouillote Chauffante\u00a0\u00bb primary_title_font_container=\u00a0\u00bbcolor:%23939393&Prime; primary_title_use_theme_fonts=\u00a0\u00bbyes\u00a0\u00bb hover_title=\u00a0\u00bbBOUILLOTE EN GRAINE DE LIN\u00a0\u00bb use_custom_fonts_primary_title=\u00a0\u00bbtrue\u00a0\u00bb]Bouillotte chauffante aux graines de lin, conception <strong><em>Nuances ZinZolines.<\/em><\/strong>[\/vc_hoverbox][vc_separator][vc_hoverbox image=\u00a0\u00bb5155&Prime; primary_title=\u00a0\u00bbMetallerie BRUYAS\u00a0\u00bb hover_title=\u00a0\u00bbMise en image du site Internet\u00a0\u00bb use_custom_fonts_hover_title=\u00a0\u00bbtrue\u00a0\u00bb]Reportage Photo Vid\u00e9o pour une mise en valeur de l&rsquo;Entreprise.<\/p>\n<p>https:\/\/www.metallerie-bruyas.com<\/p>\n<p>[\/vc_hoverbox][vc_separator][vc_hoverbox image=\u00a0\u00bb5934&Prime; primary_title=\u00a0\u00bbCLIP VIDEO\u00a0\u00bb primary_title_font_container=\u00a0\u00bbcolor:%23ffffff\u00a0\u00bb primary_title_use_theme_fonts=\u00a0\u00bbyes\u00a0\u00bb hover_title=\u00a0\u00bbR\u00e9alisation d&rsquo;un clip vid\u00e9o\u00a0\u00bb use_custom_fonts_primary_title=\u00a0\u00bbtrue\u00a0\u00bb use_custom_fonts_hover_title=\u00a0\u00bbtrue\u00a0\u00bb]Mr Man &amp; Little Miss<\/p>\n<p>&nbsp;<\/p>\n<p>[\/vc_hoverbox][\/vc_column][\/vc_row][vc_row][vc_column][vc_empty_space][vc_empty_space][vc_text_separator title=\u00a0\u00bbVIDEOS PROMOTIONNELLES\u00a0\u00bb i_icon_fontawesome=\u00a0\u00bbfab fa-youtube\u00a0\u00bb i_color=\u00a0\u00bbjuicy_pink\u00a0\u00bb i_background_style=\u00a0\u00bbrounded-less\u00a0\u00bb border_width=\u00a0\u00bb2&Prime; add_icon=\u00a0\u00bbtrue\u00a0\u00bb css=\u00a0\u00bb.vc_custom_1699916633701{background-color: #dd3333 !important;}\u00a0\u00bb][vc_column_text]Vous souhaitez mettre en avant vos produits, votre site Internet ou simplement am\u00e9liorer votre visibilit\u00e9 sur les r\u00e9seaux sociaux.<\/p>\n<p>Je peux vous r\u00e9aliser des vid\u00e9os promotionnelles. Je dispose de plusieurs drones et d&rsquo;un logiciel de montage vid\u00e9o professionnel .<\/p>\n<p>N&rsquo;h\u00e9sitez pas \u00e0 me demander un devis.[\/vc_column_text][vc_empty_space][vc_video link=\u00a0\u00bbhttps:\/\/youtu.be\/RIUvixm1xD4&Prime; align=\u00a0\u00bbcenter\u00a0\u00bb title=\u00a0\u00bbCLIP VIDEO\u00a0\u00bb][vc_empty_space][vc_video link=\u00a0\u00bbhttps:\/\/youtu.be\/btMMSe6lTRw\u00a0\u00bb title=\u00a0\u00bbVIDEO LES DEUX ALPES\u00a0\u00bb][vc_empty_space][vc_empty_space][vc_video link=\u00a0\u00bbhttps:\/\/youtu.be\/uIoYubaxovM\u00a0\u00bb title=\u00a0\u00bbVIDEO du 3S JANDRI novembre 2023&Prime;][vc_empty_space][vc_empty_space][vc_video link=\u00a0\u00bbhttps:\/\/youtu.be\/TbyZp7wI5bA?si=SE7g0VHznI5iA0UN\u00a0\u00bb align=\u00a0\u00bbcenter\u00a0\u00bb title=\u00a0\u00bbDIAPORAMA Les 2 Alpes\u00a0\u00bb][vc_empty_space][vc_empty_space][vc_video link=\u00a0\u00bbhttps:\/\/youtu.be\/ouhRPW34ey0?si=J8KHVwWZW6cV3Web\u00a0\u00bb title=\u00a0\u00bbGALA de danse 2025&Prime;][\/vc_column][\/vc_row][vc_row][vc_column][vc_separator][vc_column_text]<\/p>\n<h1>CONTACTEZ MOI :<\/h1>\n<p>[\/vc_column_text][vc_empty_space]<style id=\"wpforms-css-vars-5532\">\n\t\t\t\t#wpforms-5532 {\n\t\t\t\t--wpforms-container-padding: 0px;\n--wpforms-container-border-width: 1px;\n--wpforms-container-border-radius: 3px;\n--wpforms-background-color: rgba(0, 0, 0, 0);\n--wpforms-field-size-input-height: 43px;\n--wpforms-field-size-input-spacing: 15px;\n--wpforms-field-size-font-size: 16px;\n--wpforms-field-size-line-height: 19px;\n--wpforms-field-size-padding-h: 14px;\n--wpforms-field-size-checkbox-size: 16px;\n--wpforms-field-size-sublabel-spacing: 5px;\n--wpforms-field-size-icon-size: 1;\n--wpforms-label-size-font-size: 16px;\n--wpforms-label-size-line-height: 19px;\n--wpforms-label-size-sublabel-font-size: 14px;\n--wpforms-label-size-sublabel-line-height: 17px;\n--wpforms-button-size-font-size: 17px;\n--wpforms-button-size-height: 41px;\n--wpforms-button-size-padding-h: 15px;\n--wpforms-button-size-margin-top: 10px;\n--wpforms-container-shadow-size-box-shadow: none;\n\t\t\t}\n\t\t\t<\/style><div class=\"wpforms-container wpforms-container-full wpforms-render-modern\" id=\"wpforms-5532\"><form id=\"wpforms-form-5532\" class=\"wpforms-validate wpforms-form wpforms-ajax-form\" data-formid=\"5532\" method=\"post\" enctype=\"multipart\/form-data\" action=\"\/index.php\/wp-json\/wp\/v2\/pages\/1704\" data-token=\"3326baadd8fe8abe7f1d2d3fbae96abd\" data-token-time=\"1776452970\"><div class=\"wpforms-head-container\"><\/div><noscript class=\"wpforms-error-noscript\">Veuillez activer JavaScript dans votre navigateur pour remplir ce formulaire.<\/noscript><div id=\"wpforms-error-noscript\" style=\"display: none;\">Veuillez activer JavaScript dans votre navigateur pour remplir ce formulaire.<\/div><div class=\"wpforms-field-container\">\t\t<div id=\"wpforms-5532-field_4-container\"\n\t\t\tclass=\"wpforms-field wpforms-field-text\"\n\t\t\tdata-field-type=\"text\"\n\t\t\tdata-field-id=\"4\"\n\t\t\t>\n\t\t\t<label class=\"wpforms-field-label\" for=\"wpforms-5532-field_4\" >Votre : T\u00e9l\u00e9phone<\/label>\n\t\t\t<input type=\"text\" id=\"wpforms-5532-field_4\" class=\"wpforms-field-medium\" name=\"wpforms[fields][4]\" >\n\t\t<\/div>\n\t\t<div id=\"wpforms-5532-field_1-container\" class=\"wpforms-field wpforms-field-name\" data-field-id=\"1\"><fieldset><legend class=\"wpforms-field-label\">Votre Pr\u00e9nom et votre NOM : <span class=\"wpforms-required-label\" aria-hidden=\"true\">*<\/span><\/legend><div class=\"wpforms-field-row wpforms-field-medium\"><div class=\"wpforms-field-row-block wpforms-first wpforms-one-half\"><input type=\"text\" id=\"wpforms-5532-field_1\" class=\"wpforms-field-name-first wpforms-field-required\" name=\"wpforms[fields][1][first]\" aria-errormessage=\"wpforms-5532-field_1-error\" required><label for=\"wpforms-5532-field_1\" class=\"wpforms-field-sublabel after\">Pr\u00e9nom<\/label><\/div><div class=\"wpforms-field-row-block wpforms-one-half\"><input type=\"text\" id=\"wpforms-5532-field_1-last\" class=\"wpforms-field-name-last wpforms-field-required\" name=\"wpforms[fields][1][last]\" aria-errormessage=\"wpforms-5532-field_1-last-error\" required><label for=\"wpforms-5532-field_1-last\" class=\"wpforms-field-sublabel after\">Nom<\/label><\/div><\/div><\/fieldset><\/div><div id=\"wpforms-5532-field_2-container\" class=\"wpforms-field wpforms-field-email\" data-field-id=\"2\"><fieldset><legend class=\"wpforms-field-label\">Votre email de contact : <span class=\"wpforms-required-label\" aria-hidden=\"true\">*<\/span><\/legend><div class=\"wpforms-field-row wpforms-field-medium\"><div class=\"wpforms-field-row-block wpforms-one-half wpforms-first\"><input type=\"email\" id=\"wpforms-5532-field_2\" class=\"wpforms-field-required wpforms-field-email-primary\" name=\"wpforms[fields][2][primary]\" spellcheck=\"false\" aria-errormessage=\"wpforms-5532-field_2-error\" required><label for=\"wpforms-5532-field_2\" class=\"wpforms-field-sublabel after\">E-mail<\/label><\/div><div class=\"wpforms-field-row-block wpforms-one-half\"><input type=\"email\" id=\"wpforms-5532-field_2-secondary\" class=\"wpforms-field-email-secondary wpforms-field-required\" data-rule-confirm=\"#wpforms-5532-field_2\" name=\"wpforms[fields][2][secondary]\" spellcheck=\"false\" aria-errormessage=\"wpforms-5532-field_2-secondary-error\" required><label for=\"wpforms-5532-field_2-secondary\" class=\"wpforms-field-sublabel after\">Confirmez l\u2019e-mail<\/label><\/div><\/div><\/fieldset><\/div><div id=\"wpforms-5532-field_5-container\" class=\"wpforms-field wpforms-field-text\" data-field-id=\"5\"><label class=\"wpforms-field-label\" for=\"wpforms-5532-field_5\">Votre num\u00e9ro de T\u00e9l\u00e9phone :<\/label><input type=\"text\" id=\"wpforms-5532-field_5\" class=\"wpforms-field-medium\" name=\"wpforms[fields][5]\" aria-errormessage=\"wpforms-5532-field_5-error\" ><\/div><div id=\"wpforms-5532-field_3-container\" class=\"wpforms-field wpforms-field-textarea\" data-field-id=\"3\"><label class=\"wpforms-field-label\" for=\"wpforms-5532-field_3\">Message :<\/label><textarea id=\"wpforms-5532-field_3\" class=\"wpforms-field-medium\" name=\"wpforms[fields][3]\" aria-errormessage=\"wpforms-5532-field_3-error\" ><\/textarea><\/div><div id=\"wpforms-5532-field_6-container\" class=\"wpforms-field wpforms-field-radio\" data-field-id=\"6\"><fieldset><legend class=\"wpforms-field-label\">Vous me contactez pour :<\/legend><ul id=\"wpforms-5532-field_6\"><li class=\"choice-2 depth-1\"><input type=\"radio\" id=\"wpforms-5532-field_6_2\" name=\"wpforms[fields][6]\" value=\"Un shooting Solo\" aria-errormessage=\"wpforms-5532-field_6_2-error\"  ><label class=\"wpforms-field-label-inline\" for=\"wpforms-5532-field_6_2\">Un shooting Solo<\/label><\/li><li class=\"choice-3 depth-1\"><input type=\"radio\" id=\"wpforms-5532-field_6_3\" name=\"wpforms[fields][6]\" value=\"Un shooting Famille\" aria-errormessage=\"wpforms-5532-field_6_3-error\"  ><label class=\"wpforms-field-label-inline\" for=\"wpforms-5532-field_6_3\">Un shooting Famille<\/label><\/li><li class=\"choice-1 depth-1\"><input type=\"radio\" id=\"wpforms-5532-field_6_1\" name=\"wpforms[fields][6]\" value=\"Un reportage de Mariage\" aria-errormessage=\"wpforms-5532-field_6_1-error\"  ><label class=\"wpforms-field-label-inline\" for=\"wpforms-5532-field_6_1\">Un reportage de Mariage<\/label><\/li><li class=\"choice-4 depth-1\"><input type=\"radio\" id=\"wpforms-5532-field_6_4\" name=\"wpforms[fields][6]\" value=\"Un reportage Photo-Vid\u00e9o Corporate\" aria-errormessage=\"wpforms-5532-field_6_4-error\"  ><label class=\"wpforms-field-label-inline\" for=\"wpforms-5532-field_6_4\">Un reportage Photo-Vid\u00e9o Corporate<\/label><\/li><li class=\"choice-5 depth-1\"><input type=\"radio\" id=\"wpforms-5532-field_6_5\" name=\"wpforms[fields][6]\" value=\"Un bon cadeau \u00e0 offrir\" aria-errormessage=\"wpforms-5532-field_6_5-error\"  ><label class=\"wpforms-field-label-inline\" for=\"wpforms-5532-field_6_5\">Un bon cadeau \u00e0 offrir<\/label><\/li><li class=\"choice-6 depth-1 wpforms-other-choice\"><input type=\"radio\" id=\"wpforms-5532-field_6_6\" data-other-choice=\"true\" name=\"wpforms[fields][6]\" value=\"Autre chose\" aria-errormessage=\"wpforms-5532-field_6_6-error\"  ><label class=\"wpforms-field-label-inline\" for=\"wpforms-5532-field_6_6\">Autre chose<\/label><\/li><\/ul><input type=\"text\" id=\"wpforms-5532-field_6_other\" class=\"wpforms-other-input wpforms-field-required wpforms-field-medium wpforms-hidden\" name=\"wpforms[fields][6][other]\" disabled=\"disabled\" required><\/fieldset><\/div><script>\n\t\t\t\t( function() {\n\t\t\t\t\tconst style = document.createElement( 'style' );\n\t\t\t\t\tstyle.appendChild( document.createTextNode( '#wpforms-5532-field_4-container { position: absolute !important; overflow: hidden !important; display: inline !important; height: 1px !important; width: 1px !important; z-index: -1000 !important; padding: 0 !important; } #wpforms-5532-field_4-container input { visibility: hidden; } #wpforms-conversational-form-page #wpforms-5532-field_4-container label { counter-increment: none; }' ) );\n\t\t\t\t\tdocument.head.appendChild( style );\n\t\t\t\t\tdocument.currentScript?.remove();\n\t\t\t\t} )();\n\t\t\t<\/script><\/div><!-- .wpforms-field-container --><div class=\"wpforms-recaptcha-container wpforms-is-recaptcha wpforms-is-recaptcha-type-v3\" ><input type=\"hidden\" name=\"wpforms[recaptcha]\" value=\"\"><\/div><div class=\"wpforms-submit-container\" ><input type=\"hidden\" name=\"wpforms[id]\" value=\"5532\"><input type=\"hidden\" name=\"page_title\" value=\"\"><input type=\"hidden\" name=\"page_url\" value=\"https:\/\/www.jeromevericel.fr\/index.php\/wp-json\/wp\/v2\/pages\/1704\"><input type=\"hidden\" name=\"url_referer\" value=\"\"><button type=\"submit\" name=\"wpforms[submit]\" id=\"wpforms-submit-5532\" class=\"wpforms-submit\" data-alt-text=\"Envoi...\" data-submit-text=\"Envoyer\" aria-live=\"assertive\" value=\"wpforms-submit\">Envoyer<\/button><img decoding=\"async\" src=\"https:\/\/www.jeromevericel.fr\/wp-content\/plugins\/wpforms-lite\/assets\/images\/submit-spin.svg\" class=\"wpforms-submit-spinner\" style=\"display: none;\" width=\"26\" height=\"26\" alt=\"Chargement en cours\"><\/div><\/form><\/div>  <!-- .wpforms-container -->[\/vc_column][\/vc_row][vc_row][vc_column][\/vc_column][\/vc_row]<\/p>\n","protected":false},"excerpt":{"rendered":"<p>[vc_row][vc_column css=\u00a0\u00bb.vc_custom_1480689524761{padding-right: 0px !important;padding-left: 0px !important;}\u00a0\u00bb][vc_custom_heading text=\u00a0\u00bbReportage PHOTO &#8211; VIDEO\u00a0\u00bb font_container=\u00a0\u00bbtag:h2|text_align:center\u00a0\u00bb google_fonts=\u00a0\u00bbfont_family:Raleway%3A100%2C200%2C300%2Cregular%2C500%2C600%2C700%2C800%2C900|font_style:400%20regular%3A400%3Anormal\u00a0\u00bb][vc_empty_space][\/vc_column][\/vc_row][vc_row][vc_column width=\u00a0\u00bb1\/2&Prime;][vc_column_text] Vous d\u00e9sirez mettre en valeur les produits que vous vendez ? Vous cherchez de la visibilit\u00e9 sur les r\u00e9seaux sociaux ? En fonction de votre cahier des charges je vous r\u00e9aliserai un reportage Photo et\/ou Vid\u00e9o et je vous accompagnerai pour la [&hellip;]<\/p>\n","protected":false},"author":1,"featured_media":0,"parent":0,"menu_order":0,"comment_status":"closed","ping_status":"closed","template":"","meta":{"footnotes":""},"class_list":["post-1704","page","type-page","status-publish","hentry"],"_links":{"self":[{"href":"https:\/\/www.jeromevericel.fr\/index.php\/wp-json\/wp\/v2\/pages\/1704","targetHints":{"allow":["GET"]}}],"collection":[{"href":"https:\/\/www.jeromevericel.fr\/index.php\/wp-json\/wp\/v2\/pages"}],"about":[{"href":"https:\/\/www.jeromevericel.fr\/index.php\/wp-json\/wp\/v2\/types\/page"}],"author":[{"embeddable":true,"href":"https:\/\/www.jeromevericel.fr\/index.php\/wp-json\/wp\/v2\/users\/1"}],"replies":[{"embeddable":true,"href":"https:\/\/www.jeromevericel.fr\/index.php\/wp-json\/wp\/v2\/comments?post=1704"}],"version-history":[{"count":53,"href":"https:\/\/www.jeromevericel.fr\/index.php\/wp-json\/wp\/v2\/pages\/1704\/revisions"}],"predecessor-version":[{"id":5941,"href":"https:\/\/www.jeromevericel.fr\/index.php\/wp-json\/wp\/v2\/pages\/1704\/revisions\/5941"}],"wp:attachment":[{"href":"https:\/\/www.jeromevericel.fr\/index.php\/wp-json\/wp\/v2\/media?parent=1704"}],"curies":[{"name":"wp","href":"https:\/\/api.w.org\/{rel}","templated":true}]}}