{"id":1710,"date":"2016-12-07T10:43:36","date_gmt":"2016-12-07T10:43:36","guid":{"rendered":"https:\/\/w7.foxdsgn.com\/napoli_test\/?page_id=1710"},"modified":"2026-02-22T16:59:48","modified_gmt":"2026-02-22T15:59:48","slug":"mariage_details","status":"publish","type":"page","link":"https:\/\/www.jeromevericel.fr\/index.php\/mariage_details\/","title":{"rendered":"MARIAGE details"},"content":{"rendered":"<p>[vc_row][vc_column desctop_mb=\u00a0\u00bbmargin-lg-50b\u00a0\u00bb mobile_mb=\u00a0\u00bbmargin-xs-10b\u00a0\u00bb css=\u00a0\u00bb.vc_custom_1482415977486{padding-right: 0px !important;padding-left: 0px !important;}\u00a0\u00bb][vc_column_text]<em>Avec le forfait \u00e0 <strong>990\u20ac<\/strong>, je serais pr\u00e9sent pendant la c\u00e9r\u00e9monie (civile ou religieuse) et jusqu\u2019au repas.<\/em><\/p>\n<p><em>L&rsquo;ensemble de la journ\u00e9e repr\u00e9sente environ 600 \u00e0 800 photos. Toutes les photos sont retouch\u00e9es individuellement \u00e0 l&rsquo;aide de logiciels professionnels.<\/em><\/p>\n<p><em>Je m&rsquo;adapte \u00e0 tous les types de photo que vous voudrez r\u00e9aliser. Mais tout cela nous en discuterons ensemble\u2026. A tr\u00e8s vite !<\/em><\/p>\n<h3>OPTIONS<\/h3>\n<h5>FORFAIT SUR MESURE (me contacter pour un DEVIS)<\/h5>\n<p><em>Je vous accompagne lors du choix des bagues et lors des essayages de votre robe et\/ou de votre costume pour garder un souvenir de ces moments qui n&rsquo;appartiennent qu&rsquo;a vous. Je peux r\u00e9aliser le faire part d&rsquo;invitation, le plan de table, le faire part de remerciement ou tout autres visuels selon vos go\u00fbts.<\/em><\/p>\n<h5>FORFAIT PREPARATIFS (+150\u20ac)<\/h5>\n<p><em>J\u2019accompagne les mari\u00e9s le matin dans leurs pr\u00e9paratifs et je prends en photo la s\u00e9ance de maquillage, de coiffage et d&rsquo;habillage. (Environ 50 \u00e0 150 photos).<\/em><\/p>\n<h5>FORFAITS REPAS ET SOIREE (+250\u20ac)<\/h5>\n<p><em>Je participe au repas et \u00e0 la soir\u00e9e dansante jusqu\u2019\u00e0 la fin du diner. (Environ 200 \u00e0 250 photos).<\/em><\/p>\n<h5>FORFAIT KILOMETRIQUE (+100\u20ac)<\/h5>\n<p><em>Si votre mariage se d\u00e9roule \u00e0 plus de 50Km de Thurins.<\/em>[\/vc_column_text][\/vc_column][\/vc_row]<\/p>\n","protected":false},"excerpt":{"rendered":"<p>[vc_row][vc_column desctop_mb=\u00a0\u00bbmargin-lg-50b\u00a0\u00bb mobile_mb=\u00a0\u00bbmargin-xs-10b\u00a0\u00bb css=\u00a0\u00bb.vc_custom_1482415977486{padding-right: 0px !important;padding-left: 0px !important;}\u00a0\u00bb][vc_column_text]Avec le forfait \u00e0 990\u20ac, je serais pr\u00e9sent pendant la c\u00e9r\u00e9monie (civile ou religieuse) et jusqu\u2019au repas. L&rsquo;ensemble de la journ\u00e9e repr\u00e9sente environ 600 \u00e0 800 photos. Toutes les photos sont retouch\u00e9es individuellement \u00e0 l&rsquo;aide de logiciels professionnels. Je m&rsquo;adapte \u00e0 tous les types de photo que vous [&hellip;]<\/p>\n","protected":false},"author":1,"featured_media":0,"parent":0,"menu_order":0,"comment_status":"closed","ping_status":"closed","template":"","meta":{"footnotes":""},"class_list":["post-1710","page","type-page","status-publish","hentry"],"_links":{"self":[{"href":"https:\/\/www.jeromevericel.fr\/index.php\/wp-json\/wp\/v2\/pages\/1710","targetHints":{"allow":["GET"]}}],"collection":[{"href":"https:\/\/www.jeromevericel.fr\/index.php\/wp-json\/wp\/v2\/pages"}],"about":[{"href":"https:\/\/www.jeromevericel.fr\/index.php\/wp-json\/wp\/v2\/types\/page"}],"author":[{"embeddable":true,"href":"https:\/\/www.jeromevericel.fr\/index.php\/wp-json\/wp\/v2\/users\/1"}],"replies":[{"embeddable":true,"href":"https:\/\/www.jeromevericel.fr\/index.php\/wp-json\/wp\/v2\/comments?post=1710"}],"version-history":[{"count":16,"href":"https:\/\/www.jeromevericel.fr\/index.php\/wp-json\/wp\/v2\/pages\/1710\/revisions"}],"predecessor-version":[{"id":5943,"href":"https:\/\/www.jeromevericel.fr\/index.php\/wp-json\/wp\/v2\/pages\/1710\/revisions\/5943"}],"wp:attachment":[{"href":"https:\/\/www.jeromevericel.fr\/index.php\/wp-json\/wp\/v2\/media?parent=1710"}],"curies":[{"name":"wp","href":"https:\/\/api.w.org\/{rel}","templated":true}]}}