{"id":2616,"date":"2017-02-21T12:43:04","date_gmt":"2017-02-21T12:43:04","guid":{"rendered":"https:\/\/w7.foxdsgn.com\/napoli.1.7.0\/\/?page_id=2616"},"modified":"2025-03-13T20:46:41","modified_gmt":"2025-03-13T19:46:41","slug":"contact","status":"publish","type":"page","link":"https:\/\/www.jeromevericel.fr\/index.php\/contact\/","title":{"rendered":"Contact"},"content":{"rendered":"<p>[vc_row equal_height=\u00a0\u00bbyes\u00a0\u00bb desctop_mt=\u00a0\u00bbmargin-lg-45t\u00a0\u00bb desctop_mb=\u00a0\u00bbmargin-lg-70b\u00a0\u00bb css=\u00a0\u00bb.vc_custom_1495437993063{margin-right: -30px !important;margin-left: -30px !important;}\u00a0\u00bb][vc_column width=\u00a0\u00bb1\/2&Prime; offset=\u00a0\u00bbvc_col-lg-offset-1 vc_col-lg-4 vc_col-md-offset-1 vc_col-md-5 vc_col-sm-offset-0 vc_col-xs-12&Prime; css=\u00a0\u00bb.vc_custom_1487688681057{padding-right: 30px !important;padding-left: 30px !important;}\u00a0\u00bb][vc_row_inner][vc_column_inner][napoli_contacts label=\u00a0\u00bbCONTACTEZ MOI\u00a0\u00bb title=\u00a0\u00bbADRESSE\u00a0\u00bb]J\u00e9r\u00f4me VERICEL<\/p>\n<p>10C Lotissement la Perri\u00e8re<\/p>\n<p>69510 THURINS[\/napoli_contacts][napoli_contacts title=\u00a0\u00bbTELEPHONE\u00a0\u00bb]<a href=\"tel: 0611618994\">0611618994<\/a>[\/napoli_contacts][napoli_contacts title=\u00a0\u00bbEMAIL:\u00a0\u00bb]<a href=\"mailto: jerome.vericel@gmail.com\">jerome.vericel@gmail.com<\/a>[\/napoli_contacts][\/vc_column_inner][\/vc_row_inner][\/vc_column][vc_column width=\u00a0\u00bb1\/2&Prime;][vc_images_carousel images=\u00a0\u00bb5737,5738&Prime; img_size=\u00a0\u00bb600&#215;400&Prime; onclick=\u00a0\u00bblink_no\u00a0\u00bb mode=\u00a0\u00bbvertical\u00a0\u00bb speed=\u00a0\u00bb2000&Prime; autoplay=\u00a0\u00bbyes\u00a0\u00bb hide_pagination_control=\u00a0\u00bbyes\u00a0\u00bb wrap=\u00a0\u00bbyes\u00a0\u00bb css_animation=\u00a0\u00bbflipInY\u00a0\u00bb][\/vc_column][\/vc_row][vc_row][vc_column width=\u00a0\u00bb1\/2&Prime;][vc_custom_heading text=\u00a0\u00bbFORMULAIRE DE CONTACT\u00a0\u00bb font_container=\u00a0\u00bbtag:h3|text_align:left\u00a0\u00bb][vc_separator]<style id=\"wpforms-css-vars-5532\">\n\t\t\t\t#wpforms-5532 {\n\t\t\t\t--wpforms-container-padding: 0px;\n--wpforms-container-border-width: 1px;\n--wpforms-container-border-radius: 3px;\n--wpforms-background-color: rgba(0, 0, 0, 0);\n--wpforms-field-size-input-height: 43px;\n--wpforms-field-size-input-spacing: 15px;\n--wpforms-field-size-font-size: 16px;\n--wpforms-field-size-line-height: 19px;\n--wpforms-field-size-padding-h: 14px;\n--wpforms-field-size-checkbox-size: 16px;\n--wpforms-field-size-sublabel-spacing: 5px;\n--wpforms-field-size-icon-size: 1;\n--wpforms-label-size-font-size: 16px;\n--wpforms-label-size-line-height: 19px;\n--wpforms-label-size-sublabel-font-size: 14px;\n--wpforms-label-size-sublabel-line-height: 17px;\n--wpforms-button-size-font-size: 17px;\n--wpforms-button-size-height: 41px;\n--wpforms-button-size-padding-h: 15px;\n--wpforms-button-size-margin-top: 10px;\n--wpforms-container-shadow-size-box-shadow: none;\n\t\t\t}\n\t\t\t<\/style><div class=\"wpforms-container wpforms-container-full wpforms-render-modern\" id=\"wpforms-5532\"><form id=\"wpforms-form-5532\" class=\"wpforms-validate wpforms-form wpforms-ajax-form\" data-formid=\"5532\" method=\"post\" enctype=\"multipart\/form-data\" action=\"\/index.php\/wp-json\/wp\/v2\/pages\/2616\" data-token=\"e0908c7d2eb5484e3739309d6b0c212f\" data-token-time=\"1776772351\"><div class=\"wpforms-head-container\"><\/div><noscript class=\"wpforms-error-noscript\">Veuillez activer JavaScript dans votre navigateur pour remplir ce formulaire.<\/noscript><div id=\"wpforms-error-noscript\" style=\"display: none;\">Veuillez activer JavaScript dans votre navigateur pour remplir ce formulaire.<\/div><div class=\"wpforms-field-container\"><div id=\"wpforms-5532-field_1-container\" class=\"wpforms-field wpforms-field-name\" data-field-id=\"1\"><fieldset><legend class=\"wpforms-field-label\">Votre Pr\u00e9nom et votre NOM : <span class=\"wpforms-required-label\" aria-hidden=\"true\">*<\/span><\/legend><div class=\"wpforms-field-row wpforms-field-medium\"><div class=\"wpforms-field-row-block wpforms-first wpforms-one-half\"><input type=\"text\" id=\"wpforms-5532-field_1\" class=\"wpforms-field-name-first wpforms-field-required\" name=\"wpforms[fields][1][first]\" aria-errormessage=\"wpforms-5532-field_1-error\" required><label for=\"wpforms-5532-field_1\" class=\"wpforms-field-sublabel after\">Pr\u00e9nom<\/label><\/div><div class=\"wpforms-field-row-block wpforms-one-half\"><input type=\"text\" id=\"wpforms-5532-field_1-last\" class=\"wpforms-field-name-last wpforms-field-required\" name=\"wpforms[fields][1][last]\" aria-errormessage=\"wpforms-5532-field_1-last-error\" required><label for=\"wpforms-5532-field_1-last\" class=\"wpforms-field-sublabel after\">Nom<\/label><\/div><\/div><\/fieldset><\/div><div id=\"wpforms-5532-field_2-container\" class=\"wpforms-field wpforms-field-email\" data-field-id=\"2\"><fieldset><legend class=\"wpforms-field-label\">Votre email de contact : <span class=\"wpforms-required-label\" aria-hidden=\"true\">*<\/span><\/legend><div class=\"wpforms-field-row wpforms-field-medium\"><div class=\"wpforms-field-row-block wpforms-one-half wpforms-first\"><input type=\"email\" id=\"wpforms-5532-field_2\" class=\"wpforms-field-required wpforms-field-email-primary\" name=\"wpforms[fields][2][primary]\" spellcheck=\"false\" aria-errormessage=\"wpforms-5532-field_2-error\" required><label for=\"wpforms-5532-field_2\" class=\"wpforms-field-sublabel after\">E-mail<\/label><\/div><div class=\"wpforms-field-row-block wpforms-one-half\"><input type=\"email\" id=\"wpforms-5532-field_2-secondary\" class=\"wpforms-field-email-secondary wpforms-field-required\" data-rule-confirm=\"#wpforms-5532-field_2\" name=\"wpforms[fields][2][secondary]\" spellcheck=\"false\" aria-errormessage=\"wpforms-5532-field_2-secondary-error\" required><label for=\"wpforms-5532-field_2-secondary\" class=\"wpforms-field-sublabel after\">Confirmez l\u2019e-mail<\/label><\/div><\/div><\/fieldset><\/div><div id=\"wpforms-5532-field_5-container\" class=\"wpforms-field wpforms-field-text\" data-field-id=\"5\"><label class=\"wpforms-field-label\" for=\"wpforms-5532-field_5\">Votre num\u00e9ro de T\u00e9l\u00e9phone :<\/label><input type=\"text\" id=\"wpforms-5532-field_5\" class=\"wpforms-field-medium\" name=\"wpforms[fields][5]\" aria-errormessage=\"wpforms-5532-field_5-error\" ><\/div><div id=\"wpforms-5532-field_3-container\" class=\"wpforms-field wpforms-field-textarea\" data-field-id=\"3\"><label class=\"wpforms-field-label\" for=\"wpforms-5532-field_3\">Message :<\/label><textarea id=\"wpforms-5532-field_3\" class=\"wpforms-field-medium\" name=\"wpforms[fields][3]\" aria-errormessage=\"wpforms-5532-field_3-error\" ><\/textarea><\/div>\t\t<div id=\"wpforms-5532-field_4-container\"\n\t\t\tclass=\"wpforms-field wpforms-field-text\"\n\t\t\tdata-field-type=\"text\"\n\t\t\tdata-field-id=\"4\"\n\t\t\t>\n\t\t\t<label class=\"wpforms-field-label\" for=\"wpforms-5532-field_4\" >contact : pour<\/label>\n\t\t\t<input type=\"text\" id=\"wpforms-5532-field_4\" class=\"wpforms-field-medium\" name=\"wpforms[fields][4]\" >\n\t\t<\/div>\n\t\t<div id=\"wpforms-5532-field_6-container\" class=\"wpforms-field wpforms-field-radio\" data-field-id=\"6\"><fieldset><legend class=\"wpforms-field-label\">Vous me contactez pour :<\/legend><ul id=\"wpforms-5532-field_6\"><li class=\"choice-2 depth-1\"><input type=\"radio\" id=\"wpforms-5532-field_6_2\" name=\"wpforms[fields][6]\" value=\"Un shooting Solo\" aria-errormessage=\"wpforms-5532-field_6_2-error\"  ><label class=\"wpforms-field-label-inline\" for=\"wpforms-5532-field_6_2\">Un shooting Solo<\/label><\/li><li class=\"choice-3 depth-1\"><input type=\"radio\" id=\"wpforms-5532-field_6_3\" name=\"wpforms[fields][6]\" value=\"Un shooting Famille\" aria-errormessage=\"wpforms-5532-field_6_3-error\"  ><label class=\"wpforms-field-label-inline\" for=\"wpforms-5532-field_6_3\">Un shooting Famille<\/label><\/li><li class=\"choice-1 depth-1\"><input type=\"radio\" id=\"wpforms-5532-field_6_1\" name=\"wpforms[fields][6]\" value=\"Un reportage de Mariage\" aria-errormessage=\"wpforms-5532-field_6_1-error\"  ><label class=\"wpforms-field-label-inline\" for=\"wpforms-5532-field_6_1\">Un reportage de Mariage<\/label><\/li><li class=\"choice-4 depth-1\"><input type=\"radio\" id=\"wpforms-5532-field_6_4\" name=\"wpforms[fields][6]\" value=\"Un reportage Photo-Vid\u00e9o Corporate\" aria-errormessage=\"wpforms-5532-field_6_4-error\"  ><label class=\"wpforms-field-label-inline\" for=\"wpforms-5532-field_6_4\">Un reportage Photo-Vid\u00e9o Corporate<\/label><\/li><li class=\"choice-5 depth-1\"><input type=\"radio\" id=\"wpforms-5532-field_6_5\" name=\"wpforms[fields][6]\" value=\"Un bon cadeau \u00e0 offrir\" aria-errormessage=\"wpforms-5532-field_6_5-error\"  ><label class=\"wpforms-field-label-inline\" for=\"wpforms-5532-field_6_5\">Un bon cadeau \u00e0 offrir<\/label><\/li><li class=\"choice-6 depth-1 wpforms-other-choice\"><input type=\"radio\" id=\"wpforms-5532-field_6_6\" data-other-choice=\"true\" name=\"wpforms[fields][6]\" value=\"Autre chose\" aria-errormessage=\"wpforms-5532-field_6_6-error\"  ><label class=\"wpforms-field-label-inline\" for=\"wpforms-5532-field_6_6\">Autre chose<\/label><\/li><\/ul><input type=\"text\" id=\"wpforms-5532-field_6_other\" class=\"wpforms-other-input wpforms-field-required wpforms-field-medium wpforms-hidden\" name=\"wpforms[fields][6][other]\" disabled=\"disabled\" required><\/fieldset><\/div><script>\n\t\t\t\t( function() {\n\t\t\t\t\tconst style = document.createElement( 'style' );\n\t\t\t\t\tstyle.appendChild( document.createTextNode( '#wpforms-5532-field_4-container { position: absolute !important; overflow: hidden !important; display: inline !important; height: 1px !important; width: 1px !important; z-index: -1000 !important; padding: 0 !important; } #wpforms-5532-field_4-container input { visibility: hidden; } #wpforms-conversational-form-page #wpforms-5532-field_4-container label { counter-increment: none; }' ) );\n\t\t\t\t\tdocument.head.appendChild( style );\n\t\t\t\t\tdocument.currentScript?.remove();\n\t\t\t\t} )();\n\t\t\t<\/script><\/div><!-- .wpforms-field-container --><div class=\"wpforms-recaptcha-container wpforms-is-recaptcha wpforms-is-recaptcha-type-v3\" ><input type=\"hidden\" name=\"wpforms[recaptcha]\" value=\"\"><\/div><div class=\"wpforms-submit-container\" ><input type=\"hidden\" name=\"wpforms[id]\" value=\"5532\"><input type=\"hidden\" name=\"page_title\" value=\"\"><input type=\"hidden\" name=\"page_url\" value=\"https:\/\/www.jeromevericel.fr\/index.php\/wp-json\/wp\/v2\/pages\/2616\"><input type=\"hidden\" name=\"url_referer\" value=\"\"><button type=\"submit\" name=\"wpforms[submit]\" id=\"wpforms-submit-5532\" class=\"wpforms-submit\" data-alt-text=\"Envoi...\" data-submit-text=\"Envoyer\" aria-live=\"assertive\" value=\"wpforms-submit\">Envoyer<\/button><img decoding=\"async\" src=\"https:\/\/www.jeromevericel.fr\/wp-content\/plugins\/wpforms-lite\/assets\/images\/submit-spin.svg\" class=\"wpforms-submit-spinner\" style=\"display: none;\" width=\"26\" height=\"26\" alt=\"Chargement en cours\"><\/div><\/form><\/div>  <!-- .wpforms-container -->[\/vc_column][\/vc_row][vc_row][vc_column][vc_gmaps link=\u00a0\u00bb#E-8_JTNDaWZyYW1lJTIwc3JjJTNEJTIyaHR0cHMlM0ElMkYlMkZ3d3cuZ29vZ2xlLmNvbSUyRm1hcHMlMkZlbWJlZCUzRnBiJTNEJTIxMW0xOCUyMTFtMTIlMjExbTMlMjExZDQ0NjAwLjAyMTA4ODM0NDQ5JTIxMmQ0LjU4Mzk4MTE3OTc0NjI2JTIxM2Q0NS42ODA5MTA1NjI4NjQzMDUlMjEybTMlMjExZjAlMjEyZjAlMjEzZjAlMjEzbTIlMjExaTEwMjQlMjEyaTc2OCUyMTRmMTMuMSUyMTNtMyUyMTFtMiUyMTFzMHg0N2Y0ZjBlYTQ2ODgyM2ZkJTI1M0EweDQwOGFiMmFlNGJiMWEzMCUyMTJzNjk1MTAlMjUyMFRodXJpbnMlMjE1ZTAlMjEzbTIlMjExc2ZyJTIxMnNmciUyMTR2MTY5OTkxMjQwNDY5NCUyMTVtMiUyMTFzZnIlMjEyc2ZyJTIyJTIwd2lkdGglM0QlMjI2MDAlMjIlMjBoZWlnaHQlM0QlMjI0NTAlMjIlMjBzdHlsZSUzRCUyMmJvcmRlciUzQTAlM0IlMjIlMjBhbGxvd2Z1bGxzY3JlZW4lM0QlMjIlMjIlMjBsb2FkaW5nJTNEJTIybGF6eSUyMiUyMHJlZmVycmVycG9saWN5JTNEJTIybm8tcmVmZXJyZXItd2hlbi1kb3duZ3JhZGUlMjIlM0UlM0MlMkZpZnJhbWUlM0U=\u00a0\u00bb size=\u00a0\u00bb\u00a0\u00bb css_animation=\u00a0\u00bbfadeInUpBig\u00a0\u00bb][\/vc_column][\/vc_row]<\/p>\n","protected":false},"excerpt":{"rendered":"<p>[vc_row equal_height=\u00a0\u00bbyes\u00a0\u00bb desctop_mt=\u00a0\u00bbmargin-lg-45t\u00a0\u00bb desctop_mb=\u00a0\u00bbmargin-lg-70b\u00a0\u00bb css=\u00a0\u00bb.vc_custom_1495437993063{margin-right: -30px !important;margin-left: -30px !important;}\u00a0\u00bb][vc_column width=\u00a0\u00bb1\/2&Prime; offset=\u00a0\u00bbvc_col-lg-offset-1 vc_col-lg-4 vc_col-md-offset-1 vc_col-md-5 vc_col-sm-offset-0 vc_col-xs-12&Prime; css=\u00a0\u00bb.vc_custom_1487688681057{padding-right: 30px !important;padding-left: 30px !important;}\u00a0\u00bb][vc_row_inner][vc_column_inner][napoli_contacts label=\u00a0\u00bbCONTACTEZ MOI\u00a0\u00bb title=\u00a0\u00bbADRESSE\u00a0\u00bb]J\u00e9r\u00f4me VERICEL 10C Lotissement la Perri\u00e8re 69510 THURINS[\/napoli_contacts][napoli_contacts title=\u00a0\u00bbTELEPHONE\u00a0\u00bb]0611618994[\/napoli_contacts][napoli_contacts title=\u00a0\u00bbEMAIL:\u00a0\u00bb]jerome.vericel@gmail.com[\/napoli_contacts][\/vc_column_inner][\/vc_row_inner][\/vc_column][vc_column width=\u00a0\u00bb1\/2&Prime;][vc_images_carousel images=\u00a0\u00bb5737,5738&Prime; img_size=\u00a0\u00bb600&#215;400&Prime; onclick=\u00a0\u00bblink_no\u00a0\u00bb mode=\u00a0\u00bbvertical\u00a0\u00bb speed=\u00a0\u00bb2000&Prime; autoplay=\u00a0\u00bbyes\u00a0\u00bb hide_pagination_control=\u00a0\u00bbyes\u00a0\u00bb wrap=\u00a0\u00bbyes\u00a0\u00bb css_animation=\u00a0\u00bbflipInY\u00a0\u00bb][\/vc_column][\/vc_row][vc_row][vc_column width=\u00a0\u00bb1\/2&Prime;][vc_custom_heading text=\u00a0\u00bbFORMULAIRE DE CONTACT\u00a0\u00bb font_container=\u00a0\u00bbtag:h3|text_align:left\u00a0\u00bb][vc_separator][\/vc_column][\/vc_row][vc_row][vc_column][vc_gmaps link=\u00a0\u00bb#E-8_JTNDaWZyYW1lJTIwc3JjJTNEJTIyaHR0cHMlM0ElMkYlMkZ3d3cuZ29vZ2xlLmNvbSUyRm1hcHMlMkZlbWJlZCUzRnBiJTNEJTIxMW0xOCUyMTFtMTIlMjExbTMlMjExZDQ0NjAwLjAyMTA4ODM0NDQ5JTIxMmQ0LjU4Mzk4MTE3OTc0NjI2JTIxM2Q0NS42ODA5MTA1NjI4NjQzMDUlMjEybTMlMjExZjAlMjEyZjAlMjEzZjAlMjEzbTIlMjExaTEwMjQlMjEyaTc2OCUyMTRmMTMuMSUyMTNtMyUyMTFtMiUyMTFzMHg0N2Y0ZjBlYTQ2ODgyM2ZkJTI1M0EweDQwOGFiMmFlNGJiMWEzMCUyMTJzNjk1MTAlMjUyMFRodXJpbnMlMjE1ZTAlMjEzbTIlMjExc2ZyJTIxMnNmciUyMTR2MTY5OTkxMjQwNDY5NCUyMTVtMiUyMTFzZnIlMjEyc2ZyJTIyJTIwd2lkdGglM0QlMjI2MDAlMjIlMjBoZWlnaHQlM0QlMjI0NTAlMjIlMjBzdHlsZSUzRCUyMmJvcmRlciUzQTAlM0IlMjIlMjBhbGxvd2Z1bGxzY3JlZW4lM0QlMjIlMjIlMjBsb2FkaW5nJTNEJTIybGF6eSUyMiUyMHJlZmVycmVycG9saWN5JTNEJTIybm8tcmVmZXJyZXItd2hlbi1kb3duZ3JhZGUlMjIlM0UlM0MlMkZpZnJhbWUlM0U=\u00a0\u00bb size=\u00a0\u00bb\u00a0\u00bb css_animation=\u00a0\u00bbfadeInUpBig\u00a0\u00bb][\/vc_column][\/vc_row]<\/p>\n","protected":false},"author":1,"featured_media":0,"parent":0,"menu_order":0,"comment_status":"closed","ping_status":"closed","template":"","meta":{"footnotes":""},"class_list":["post-2616","page","type-page","status-publish","hentry"],"_links":{"self":[{"href":"https:\/\/www.jeromevericel.fr\/index.php\/wp-json\/wp\/v2\/pages\/2616","targetHints":{"allow":["GET"]}}],"collection":[{"href":"https:\/\/www.jeromevericel.fr\/index.php\/wp-json\/wp\/v2\/pages"}],"about":[{"href":"https:\/\/www.jeromevericel.fr\/index.php\/wp-json\/wp\/v2\/types\/page"}],"author":[{"embeddable":true,"href":"https:\/\/www.jeromevericel.fr\/index.php\/wp-json\/wp\/v2\/users\/1"}],"replies":[{"embeddable":true,"href":"https:\/\/www.jeromevericel.fr\/index.php\/wp-json\/wp\/v2\/comments?post=2616"}],"version-history":[{"count":38,"href":"https:\/\/www.jeromevericel.fr\/index.php\/wp-json\/wp\/v2\/pages\/2616\/revisions"}],"predecessor-version":[{"id":5739,"href":"https:\/\/www.jeromevericel.fr\/index.php\/wp-json\/wp\/v2\/pages\/2616\/revisions\/5739"}],"wp:attachment":[{"href":"https:\/\/www.jeromevericel.fr\/index.php\/wp-json\/wp\/v2\/media?parent=2616"}],"curies":[{"name":"wp","href":"https:\/\/api.w.org\/{rel}","templated":true}]}}